n factor of 53460 and 3861?
297
Calculate the highest common divisor of 748699 and 7.
7
What is the greatest common factor of 240 and 1866000?
240
Calculate the greatest common factor of 17941 and 14912.
233
What is the greatest common divisor of 145453 and 231?
77
What is the greatest common divisor of 4459 and 2327?
13
Calculate the highest common divisor of 2413 and 28448.
127
What is the highest common divisor of 170 and 251260?
170
Calculate the highest common divisor of 375485 and 25.
5
What is the greatest common divisor of 1515125 and 17?
17
What is the highest common divisor of 282 and 138274?
94
Calculate the highest common divisor of 3117 and 1785.
3
What is the greatest common divisor of 5712 and 9968?
112
What is the highest common factor of 1134 and 33096?
42
Calculate the highest common divisor of 18376 and 328.
8
Calculate the highest common divisor of 30969 and 13113.
279
What is the greatest common divisor of 13720 and 105448?
392
Calculate the highest common divisor of 572 and 1370226.
286
What is the greatest common divisor of 2212 and 10428?
316
Calculate the greatest common divisor of 15 and 6920.
5
Calculate the greatest common factor of 2 and 26798.
2
Calculate the greatest common factor of 4700 and 1100.
100
What is the highest common factor of 75073 and 407?
37
Calculate the greatest common factor of 7654 and 3569.
43
Calculate the greatest common divisor of 122 and 16714.
122
Calculate the highest common divisor of 3284204 and 56.
28
Calculate the highest common factor of 3553 and 50065.
323
What is the highest common divisor of 312 and 2300712?
24
Calculate the greatest common factor of 2336 and 303096.
584
What is the highest common factor of 52 and 531466?
26
What is the highest common divisor of 100 and 30540?
20
Calculate the greatest common divisor of 51209 and 41.
41
What is the highest common divisor of 5752402 and 38?
38
What is the highest common divisor of 1207 and 568?
71
Calculate the greatest common factor of 296 and 731564.
148
What is the greatest common divisor of 714 and 4284000?
714
Calculate the greatest common factor of 12 and 6790644.
12
Calculate the greatest common divisor of 66730 and 150.
10
What is the greatest common divisor of 140941 and 291?
97
What is the greatest common factor of 1302115 and 170?
85
Calculate the greatest common divisor of 208 and 653861.
13
What is the greatest common divisor of 645 and 1830725?
215
Calculate the highest common divisor of 2450 and 1270.
10
What is the greatest common divisor of 150 and 396660?
30
Calculate the greatest common factor of 275 and 105325.
275
Calculate the greatest common divisor of 5130 and 33060.
570
What is the highest common divisor of 248 and 6758?
62
What is the greatest common factor of 124214 and 346?
346
What is the highest common factor of 680 and 167790?
170
What is the highest common divisor of 448 and 2044?
28
Calculate the highest common divisor of 142240 and 2352.
112
Calculate the greatest common factor of 3883259 and 17.
17
What is the highest common divisor of 2248 and 12083?
281
Calculate the highest common divisor of 29016 and 585.
117
What is the greatest common factor of 8343 and 441?
9
Calculate the highest common divisor of 187 and 85102.
17
What is the highest common factor of 18 and 423?
9
What is the highest common divisor of 74 and 7178?
74
What is the greatest common factor of 248110 and 577?
577
What is the highest common divisor of 37493 and 13?
1
What is the highest common divisor of 665 and 3395?
35
Calculate the greatest common factor of 9019264 and 32.
32
What is the highest common factor of 36936 and 3762?
342
What is the highest common factor of 9344 and 438?
146
What is the greatest common factor of 773691 and 116?
29
Calculate the highest common divisor of 5690 and 60.
10
Calculate the greatest common divisor of 85734 and 396.
198
What is the greatest common factor of 1053 and 90792?
117
Calculate the greatest common factor of 160 and 5930.
10
Calculate the greatest common factor of 36 and 205497.
9
Calculate the highest common factor of 3717 and 5664.
177
Calculate the greatest common divisor of 65097 and 27.
27
Calculate the greatest common factor of 11141 and 39.
13
What is the greatest common factor of 371 and 26871?
53
What is the greatest common divisor of 780 and 38460?
60
Calculate the highest common divisor of 82073 and 3.
1
What is the highest common factor of 111846 and 126?
42
Calculate the highest common factor of 65884 and 10738.
182
Calculate the greatest common divisor of 43589 and 13.
13
Calculate the greatest common factor of 4734 and 28667.
263
What is the greatest common divisor of 1320 and 245640?
120
Calculate the greatest common divisor of 8672 and 272626.
542
What is the greatest common divisor of 6064 and 144?
16
What is the highest common divisor of 42513 and 148?
37
What is the greatest common factor of 184 and 668?
4
Calculate the highest common divisor of 28 and 2108.
4
Calculate the highest common divisor of 9 and 61731.
9
Calculate the greatest common divisor of 42562 and 78.
26
Calculate the highest common factor of 2506 and 161816.
358
Calculate the highest common factor of 17708 and 228.
76
Calculate the highest common divisor of 28 and 16142.
14
Calculate the greatest common divisor of 14 and 1317302.
14
Calculate the highest common divisor of 5576 and 92344.
136
What is the highest common divisor of 31133 and 11573?
163
What is the greatest common factor of 186 and 9402?
6
What is the highest common divisor of 135 and 50925?
15
What is the highest common factor of 87 and 1624?
29
What is the greatest common factor of 1023 and 913?
11
What is the greatest common divisor of 22803 and 2849?
11
What is the greatest common divisor of 275687 and 999?
37
What is the highest common factor of 236899 and 13?
13
Calculate the greatest common factor of 830 and 63412.
166
Calculate the highest common divisor of 1970 and 20.
10
What is the highest common divisor of 60579 and 53?
53
Calculate the highest common factor of 5618 and 13462.
106
Calculate the highest common divisor of 1096548 and 2610.
174
What is the highest common factor of 60 and 40164?
12
What is the highest common divisor of 53360 and 12604?
92
Calculate the highest common factor of 812986 and 131.
131
What is the greatest common divisor of 1359 and 81?
9
What is the highest common divisor of 3120 and 316560?
240
Calculate the greatest common divisor of 3860370 and 2908.
1454
What is the greatest common factor of 24 and 11176?
8
What is the highest common divisor of 228 and 364268?
76
What is the greatest common divisor of 2635402 and 157?
157
What is the greatest common divisor of 20 and 303968?
4
What is the greatest common factor of 384 and 285024?
96
Calculate the highest common divisor of 12576 and 12288.
96
Calculate the highest common divisor of 1112 and 122876.
556
What is the highest common divisor of 596 and 82546?
298
Calculate the highest common factor of 10311 and 15099.
21
What is the greatest common divisor of 15529 and 848?
53
What is the greatest common factor of 96637 and 902?
41
What is the greatest common divisor of 1550078 and 74?
74
Calculate the greatest common factor of 360506 and 4.
2
Calculate the highest common factor of 42 and 2365230.
42
What is the highest common factor of 336973 and 1587?
529
What is the greatest common divisor of 258 and 664522?
86
What is the greatest common factor of 80726 and 1784?
446
What is the highest common divisor of 116 and 53969?
29
Calculate the greatest common factor of 48 and 5281728.
48
Calculate the greatest common divisor of 345 and 2390.
5
What is the greatest common divisor of 64 and 10680?
8
Calculate the highest common factor of 102 and 575076.
102
Calculate the greatest common divisor of 902115 and 270.
45
Calculate the highest common divisor of 1650 and 11814.
66
What is the greatest common factor of 477302 and 1030?
206
Calculate the greatest common divisor of 247909 and 173.
173
Calculate the highest common factor of 10 and 5516930.
10
Calculate the highest common divisor of 5640 and 3560.
40
Calculate the greatest common factor of 6103 and 32113.
17
Calculate the greatest common factor of 10138 and 148.
74
Calculate the highest common